{"id":1196,"date":"2022-06-23T11:09:18","date_gmt":"2022-06-23T04:09:18","guid":{"rendered":"https:\/\/pih.vn\/?page_id=1196"},"modified":"2022-06-27T14:23:19","modified_gmt":"2022-06-27T07:23:19","slug":"medical-examination-process","status":"publish","type":"page","link":"https:\/\/vietmyhospital.com\/?page_id=1196&lang=en","title":{"rendered":"Medical examination process"},"content":{"rendered":"\n<h2 class=\"wp-block-heading\">Medical examination process<\/h2>\n\n\n\n<h4 class=\"wp-block-heading\">Medical examination<\/h4>\n\n\n\n<ol><li>Take the medical order<\/li><li>To the reception, the bhyt\u2026 card<\/li><li>The doctor examined the b\u1ec7nh, appointed the nghi\u1ec7m\u2026.<\/li><li>The patient waited for the results, the doctors concluded and gave the prescription.<\/li><li>After the patient&#8217; s prescription is back on the counter, retrieve the bhyt\u2026 card<\/li><\/ol>\n\n\n\n<h4 class=\"wp-block-heading\">The papers need to carry<\/h4>\n\n\n\n<ol><li>Health insurance card<\/li><li>Identity card<\/li><li>Vi\u1ec7n<\/li><\/ol>\n\n\n\n<h4 class=\"wp-block-heading\">Some notes when medical examination<\/h4>\n\n\n\n<ul><li>There are a lot of incentives to set the vip search from d\u0169 through the 1068 exchange, specifically:<\/li><li>The patient will receive special priority medical checks at the hospital<\/li><li>Patients are treated by the best team of experts<\/li><li>Patient was given a priority on time<\/li><li>Patients are given priority cards in the waiting room and prescription drugs<\/li><\/ul>\n","protected":false},"excerpt":{"rendered":"<p>Medical examination process Medical examination Take the medical order To the reception, the bhyt\u2026 card The doctor examined the b\u1ec7nh, appointed the nghi\u1ec7m\u2026. The patient waited for the results, the doctors concluded and gave the prescription. After the patient&#8217; s prescription is back on the counter, retrieve the bhyt\u2026 card The papers need to carry [&hellip;]<\/p>\n","protected":false},"author":1,"featured_media":0,"parent":0,"menu_order":0,"comment_status":"closed","ping_status":"closed","template":"template\/tpl-uyquyen.php","meta":{"footnotes":""},"acf":[],"yoast_head":"<!-- This site is optimized with the Yoast SEO plugin v18.9 - https:\/\/yoast.com\/wordpress\/plugins\/seo\/ -->\n<title>Medical examination process - B\u1ec7nh Vi\u1ec7n Vi\u1ec7t M\u1ef9 Ph\u00fa Y\u00ean<\/title>\n<meta name=\"robots\" content=\"index, follow, max-snippet:-1, max-image-preview:large, max-video-preview:-1\" \/>\n<link rel=\"canonical\" href=\"https:\/\/vietmyhospital.com\/?page_id=1196&#038;lang=en\" \/>\n<meta property=\"og:locale\" content=\"vi_VN\" \/>\n<meta property=\"og:type\" content=\"article\" \/>\n<meta property=\"og:title\" content=\"Medical examination process - B\u1ec7nh Vi\u1ec7n Vi\u1ec7t M\u1ef9 Ph\u00fa Y\u00ean\" \/>\n<meta property=\"og:description\" content=\"Medical examination process Medical examination Take the medical order To the reception, the bhyt\u2026 card The doctor examined the b\u1ec7nh, appointed the nghi\u1ec7m\u2026. The patient waited for the results, the doctors concluded and gave the prescription. After the patient&#8217; s prescription is back on the counter, retrieve the bhyt\u2026 card The papers need to carry [&hellip;]\" \/>\n<meta property=\"og:url\" content=\"https:\/\/vietmyhospital.com\/?page_id=1196&amp;lang=en\" \/>\n<meta property=\"og:site_name\" content=\"B\u1ec7nh Vi\u1ec7n Vi\u1ec7t M\u1ef9 Ph\u00fa Y\u00ean\" \/>\n<meta property=\"article:modified_time\" content=\"2022-06-27T07:23:19+00:00\" \/>\n<meta name=\"twitter:card\" content=\"summary_large_image\" \/>\n<meta name=\"twitter:label1\" content=\"\u01af\u1edbc t\u00ednh th\u1eddi gian \u0111\u1ecdc\" \/>\n\t<meta name=\"twitter:data1\" content=\"1 minute\" \/>\n<script type=\"application\/ld+json\" class=\"yoast-schema-graph\">{\"@context\":\"https:\/\/schema.org\",\"@graph\":[{\"@type\":\"WebSite\",\"@id\":\"https:\/\/vietmyhospital.com\/#website\",\"url\":\"https:\/\/vietmyhospital.com\/\",\"name\":\"B\u1ec7nh Vi\u1ec7n Vi\u1ec7t M\u1ef9 Ph\u00fa Y\u00ean\",\"description\":\"Ch\u0103m s\u00f3c t\u1eadn t\u00e2m - \u01b0\u01a1m m\u1ea7m h\u1ea1nh ph\u00fac\",\"potentialAction\":[{\"@type\":\"SearchAction\",\"target\":{\"@type\":\"EntryPoint\",\"urlTemplate\":\"https:\/\/vietmyhospital.com\/?s={search_term_string}\"},\"query-input\":\"required name=search_term_string\"}],\"inLanguage\":\"vi\"},{\"@type\":\"WebPage\",\"@id\":\"https:\/\/vietmyhospital.com\/?page_id=1196&lang=en#webpage\",\"url\":\"https:\/\/vietmyhospital.com\/?page_id=1196&lang=en\",\"name\":\"Medical examination process - B\u1ec7nh Vi\u1ec7n Vi\u1ec7t M\u1ef9 Ph\u00fa Y\u00ean\",\"isPartOf\":{\"@id\":\"https:\/\/vietmyhospital.com\/#website\"},\"datePublished\":\"2022-06-23T04:09:18+00:00\",\"dateModified\":\"2022-06-27T07:23:19+00:00\",\"breadcrumb\":{\"@id\":\"https:\/\/vietmyhospital.com\/?page_id=1196&lang=en#breadcrumb\"},\"inLanguage\":\"vi\",\"potentialAction\":[{\"@type\":\"ReadAction\",\"target\":[\"https:\/\/vietmyhospital.com\/?page_id=1196&lang=en\"]}]},{\"@type\":\"BreadcrumbList\",\"@id\":\"https:\/\/vietmyhospital.com\/?page_id=1196&lang=en#breadcrumb\",\"itemListElement\":[{\"@type\":\"ListItem\",\"position\":1,\"name\":\"Home\",\"item\":\"https:\/\/vietmyhospital.com\/\"},{\"@type\":\"ListItem\",\"position\":2,\"name\":\"Medical examination process\"}]}]}<\/script>\n<!-- \/ Yoast SEO plugin. -->","yoast_head_json":{"title":"Medical examination process - B\u1ec7nh Vi\u1ec7n Vi\u1ec7t M\u1ef9 Ph\u00fa Y\u00ean","robots":{"index":"index","follow":"follow","max-snippet":"max-snippet:-1","max-image-preview":"max-image-preview:large","max-video-preview":"max-video-preview:-1"},"canonical":"https:\/\/vietmyhospital.com\/?page_id=1196&lang=en","og_locale":"vi_VN","og_type":"article","og_title":"Medical examination process - B\u1ec7nh Vi\u1ec7n Vi\u1ec7t M\u1ef9 Ph\u00fa Y\u00ean","og_description":"Medical examination process Medical examination Take the medical order To the reception, the bhyt\u2026 card The doctor examined the b\u1ec7nh, appointed the nghi\u1ec7m\u2026. The patient waited for the results, the doctors concluded and gave the prescription. After the patient&#8217; s prescription is back on the counter, retrieve the bhyt\u2026 card The papers need to carry [&hellip;]","og_url":"https:\/\/vietmyhospital.com\/?page_id=1196&lang=en","og_site_name":"B\u1ec7nh Vi\u1ec7n Vi\u1ec7t M\u1ef9 Ph\u00fa Y\u00ean","article_modified_time":"2022-06-27T07:23:19+00:00","twitter_card":"summary_large_image","twitter_misc":{"\u01af\u1edbc t\u00ednh th\u1eddi gian \u0111\u1ecdc":"1 minute"},"schema":{"@context":"https:\/\/schema.org","@graph":[{"@type":"WebSite","@id":"https:\/\/vietmyhospital.com\/#website","url":"https:\/\/vietmyhospital.com\/","name":"B\u1ec7nh Vi\u1ec7n Vi\u1ec7t M\u1ef9 Ph\u00fa Y\u00ean","description":"Ch\u0103m s\u00f3c t\u1eadn t\u00e2m - \u01b0\u01a1m m\u1ea7m h\u1ea1nh ph\u00fac","potentialAction":[{"@type":"SearchAction","target":{"@type":"EntryPoint","urlTemplate":"https:\/\/vietmyhospital.com\/?s={search_term_string}"},"query-input":"required name=search_term_string"}],"inLanguage":"vi"},{"@type":"WebPage","@id":"https:\/\/vietmyhospital.com\/?page_id=1196&lang=en#webpage","url":"https:\/\/vietmyhospital.com\/?page_id=1196&lang=en","name":"Medical examination process - B\u1ec7nh Vi\u1ec7n Vi\u1ec7t M\u1ef9 Ph\u00fa Y\u00ean","isPartOf":{"@id":"https:\/\/vietmyhospital.com\/#website"},"datePublished":"2022-06-23T04:09:18+00:00","dateModified":"2022-06-27T07:23:19+00:00","breadcrumb":{"@id":"https:\/\/vietmyhospital.com\/?page_id=1196&lang=en#breadcrumb"},"inLanguage":"vi","potentialAction":[{"@type":"ReadAction","target":["https:\/\/vietmyhospital.com\/?page_id=1196&lang=en"]}]},{"@type":"BreadcrumbList","@id":"https:\/\/vietmyhospital.com\/?page_id=1196&lang=en#breadcrumb","itemListElement":[{"@type":"ListItem","position":1,"name":"Home","item":"https:\/\/vietmyhospital.com\/"},{"@type":"ListItem","position":2,"name":"Medical examination process"}]}]}},"_links":{"self":[{"href":"https:\/\/vietmyhospital.com\/index.php?rest_route=\/wp\/v2\/pages\/1196"}],"collection":[{"href":"https:\/\/vietmyhospital.com\/index.php?rest_route=\/wp\/v2\/pages"}],"about":[{"href":"https:\/\/vietmyhospital.com\/index.php?rest_route=\/wp\/v2\/types\/page"}],"author":[{"embeddable":true,"href":"https:\/\/vietmyhospital.com\/index.php?rest_route=\/wp\/v2\/users\/1"}],"replies":[{"embeddable":true,"href":"https:\/\/vietmyhospital.com\/index.php?rest_route=%2Fwp%2Fv2%2Fcomments&post=1196"}],"version-history":[{"count":0,"href":"https:\/\/vietmyhospital.com\/index.php?rest_route=\/wp\/v2\/pages\/1196\/revisions"}],"wp:attachment":[{"href":"https:\/\/vietmyhospital.com\/index.php?rest_route=%2Fwp%2Fv2%2Fmedia&parent=1196"}],"curies":[{"name":"wp","href":"https:\/\/api.w.org\/{rel}","templated":true}]}}